t is the hundreds digit of x(-70)?
0
What is the thousands digit of (10960/(-15))/(2/(-15))?
5
Let h be -2 - (4 + -7 - 8/2). Suppose -2*t + 629 = 5*f, -5*t + 4*f = h*f - 1607. What is the tens digit of t?
2
Let y(p) = 160*p - 2639. What is the ten thousands digit of y(87)?
1
Let m(q) be the first derivative of 10*q**4 + 7*q**3/3 - 5*q**2 + 3*q + 124. What is the hundreds digit of m(2)?
3
Let m = 9617 + -8532. What is the thousands digit of m?
1
Suppose -61 = -2*j + 5*v + 36, 87 = 2*j + 5*v. Let i = -114 + j. Let c = i - -128. What is the units digit of c?
0
What is the hundreds digit of (-8 - -6)*((-101241)/18 - 0/2)?
2
What is the ten thousands digit of 34599 - (13 + -20 + 6)?
3
Suppose 3*u = 5*d + 17839, 4*d - 29757 = -5*u + 6*d. What is the hundreds digit of u?
9
Suppose -7 - 18 = -5*o. What is the units digit of (10 + (o - (5 - -1)))*117?
3
Let r(d) = 262*d + 74*d**2 - 268*d + 955*d**2 - 144*d**2. What is the tens digit of r(-1)?
9
Let a(h) = 4*h + 11. Let y be a(-3). Let v be (-13)/3*45/y. Suppose -2*s = -v - 193. What is the tens digit of s?
9
Let f(d) = -d**2 - 28*d - 35. Suppose 44 = -4*s + 20. Let k(v) = 7*v + 18. Let o be k(s). What is the units digit of f(o)?
1
What is the thousands digit of 30428 - 1089/(-242)*(-8)/(-3)?
0
Let k(t) = 6*t + 6 - t**2 - 2 - 9 + 1. Let l be k(4). Suppose 0 = -l*p + 13 + 307. What is the tens digit of p?
8
Let q(y) = -75 - 51*y + 20*y - 39*y + 4*y. What is the tens digit of q(-12)?
1
Let l(s) = s**3 - 61*s**2 - 31*s + 76. What is the tens digit of l(62)?
9
Let l be 416/(-39) + ((-2)/(-3) - 1). Let x(f) = 2*f**2 - 10*f - 37. What is the units digit of x(l)?
5
Suppose 421 = 6*v + 115. Let u be (1 - 7)*(-136)/v. Let s = u + 16. What is the units digit of s?
2
What is the units digit of (-15 + 16)/(-5*(-8)/326680)?
7
Suppose -3*i = 4*n, i - 13 = 3*n - 0. Suppose s + 7*y = 3*y - 14, -s - 3*y = 11. What is the units digit of (18/4)/(s/(-336)*i)?
9
Suppose 19*v - 32 = 44. What is the tens digit of v - (6 + -999) - -4?
0
Let x = -21778 - -30550. What is the thousands digit of x?
8
Let u be (8/(-3))/((-35)/105). What is the units digit of (-189)/(1 - u) + 7?
4
Suppose -12*c + 854 = -10*c. Let s = 685 - c. Let t = -30 + s. What is the tens digit of t?
2
Suppose -17*h - 2*s + 39193 = -12*h, -7811 = -h - 5*s. What is the tens digit of h?
4
Suppose 4*k + 6007 = 3*l, -31*k + 30*k - 1 = 0. What is the thousands digit of l?
2
Let s be -5 - 0 - 25/(75/42). Let f(z) = -5*z + 81. What is the tens digit of f(s)?
7
Suppose 2*q = -55 - 79. Let a = q - -122. Suppose 0 = -3*v - 2*v + a. What is the tens digit of v?
1
Let j = 18658 - -2775. What is the units digit of j?
3
Let d = 260 - 262. What is the hundreds digit of -12 + 16 - 167*d?
3
Let f = -3 - -12. Suppose -5*p + 2*h - 8 = 0, -4*p - 8 = -f*p - 2*h. Suppose -2*d - 3*d = 2*y - 174, -5*y - 2*d + 414 = p. What is the units digit of y?
2
Let f(d) = -8*d**2 + 16*d - 19. Let x be f(11). Let t(z) = -30*z - 102. Let k be t(15). Let l = k - x. What is the hundreds digit of l?
2
Let g = 27943 - 17621. What is the tens digit of g?
2
Suppose 3*h = h + 4. What is the tens digit of 965/h + (-1)/2?
8
Suppose -p = 2*p - 5*a + 23, 4*a = 5*p + 47. Let v(x) = 13 + 25*x**2 + x**3 + 9*x - 13*x**2 - 1. What is the units digit of v(p)?
4
Suppose -8043 = -2*h - 6*y + 3*y, 3*h - 12075 = -y. Suppose -c - 21*c = -h. What is the tens digit of c?
8
Let n(y) = -y**3 - 13*y**2 - 24*y + 78. What is the tens digit of n(-18)?
3
Suppose -29*w - 159091 = -52*w. What is the units digit of w?
7
Let a be (3 + -2 + (-4)/8)*-3340. Let g = a + 2567. What is the units digit of g?
7
Suppose 3*w + 61202 = -j + 6*j, -j - w + 12242 = 0. What is the ten thousands digit of j?
1
Let f be -2 - (4 + 514)/(-1). Let r = f - 287. What is the tens digit of r?
2
Suppose 0 = -4*i + 10 + 10. Let w(c) be the third derivative of 23*c**4/24 + 11*c**3/2 + 2*c**2. What is the tens digit of w(i)?
4
Suppose 13*t - 14*t = 3*b - 17, 10 = 2*t. Suppose 2*p = b*w - 3*p - 932, 0 = -w + p + 232. What is the tens digit of w?
2
Let w be (27/81)/((-1)/(-21)). Let q(x) = 5*x - 33. Let m be q(w). Suppose 0 = -m*g, -b - 700 = -5*b + 5*g. What is the hundreds digit of b?
1
Let o = 210 + -209. Let l(u) = 309*u + 6. What is the tens digit of l(o)?
1
Let s = 283 - 252. Suppose -5*m = 2*m - 14. Suppose -95 - s = -m*u. What is the tens digit of u?
6
Suppose -54111 = -8*c + 10609. What is the tens digit of c?
9
Let f be -1*(9/27 + (-164)/6). What is the hundreds digit of (-10566)/f*3/(-2)?
5
Let h = 414 + -620. Suppose 0*v - 4*v - 2*x = -1298, 3*x = v - 321. Let z = v + h. What is the hundreds digit of z?
1
Let w = 1902 + 6979. What is the hundreds digit of w?
8
Suppose -3*g = 5*q - 16, -5*q = 2*g - 3*q - 8. Suppose 182 = 2*c + 4*l, 4*c - 394 = -0*c - g*l. Let a = 327 - c. What is the tens digit of a?
2
Let b(u) = -1421*u**3 + 6*u**2 - 4*u - 2. Let t be b(1). Let m = -195 - t. What is the hundreds digit of m?
2
Let s be (4/3 - -2)/((-36)/432). What is the units digit of 8703/12 - 30/s?
6
Suppose -4295 = 2*j - 3*j + u, 4*u = -5*j + 21430. Suppose 0 = -18*m + 1092 + j. What is the tens digit of m?
9
Let x(i) = 344*i**2 + 51*i - 324. What is the tens digit of x(14)?
1
Let t(p) = p**2 - 12*p + 16. Let z be t(13). Suppose 28*x + 307 = z*x. What is the tens digit of x?
0
What is the ten thousands digit of ((-63924)/8)/(85/(-10) - -8)?
1
Suppose 3*i - 2*i + 1 = 3*a, 4*i = -3*a + 26. Suppose i*k - 11*k + 48 = 0. Suppose k*r - 11*r = -609. What is the tens digit of r?
0
Suppose q - 5*q + 264 = 0. Let c = 108 - q. Suppose 0 = -4*k + 230 - c. What is the units digit of k?
7
Let z = -6275 + 16316. What is the hundreds digit of z?
0
Suppose 42 = 2*y + 2*s, y - 9 = -2*s + 10. Let d = 288 - y. What is the units digit of d?
5
Let s(j) = 47*j + 10. Let p be s(-2). Let h = 333 - p. What is the hundreds digit of h?
4
Suppose -r = -2*x - 141, 3*x + 218 = -6*r + r. Let g = 206 - x. What is the hundreds digit of g?
2
Suppose -3*n - 25181 = -2*w, 0 = 3*w + n - 22754 - 15012. What is the tens digit of w?
8
Let b(t) = -t**2 - 10*t + 8. Suppose -5*m + 5 = 55. Let u be b(m). Let p = u - 1. What is the units digit of p?
7
Let z = 41 - 33. Let f(t) = 106*t**2 + 3*t - 4*t + 2 - z*t**2. What is the units digit of f(1)?
9
Suppose 40*o - 1456123 - 861117 = 0. What is the thousands digit of o?
7
Let o(t) = -8*t**2 + 39*t + 67. Let b(u) = -3*u**2 + 13*u + 22. Let d(v) = 11*b(v) - 4*o(v). Let n be d(-11). Let w = 28 + n. What is the units digit of w?
4
Let y = 6869 - 3811. What is the tens digit of y?
5
Let m(r) be the first derivative of -5*r**4/24 - 7*r**3/3 - 17*r**2/2 + 5. Let d(q) be the second derivative of m(q). What is the tens digit of d(-5)?
1
Let a be (22/4 - 8)/((-4)/8). Let t(n) = n**2 + 2*n - 4. Let i be t(-4). Suppose a*p - 96 = i. What is the tens digit of p?
2
Suppose -13 = -4*y + 7, 2*n + 15 = 3*y. What is the hundreds digit of 123 + 7 - n/4?
1
Let t = -5227 + 7444. Suppose 4*r + 2356 = 4*w, -2*r - 440 = 3*w - t. Suppose 0 = 5*i + 3*q - w, 3*i + q - 355 = -q. What is the hundreds digit of i?
1
Let g(v) = -1869*v + 731. What is the units digit of g(-12)?
9
Let u(k) = -1049*k - 3. Let l be u(-1). Suppose 5*j - r = l, -4*j + 0*j + 828 = -3*r. What is the hundreds digit of j?
2
Let c(j) = -2*j**2 - 35*j + 37. Let v be c(-32). Let n = v - -1488. What is the tens digit of n?
9
Let n(x) = 12*x**2 - 2*x - 5. Let v be n(-5). Suppose -4149 = -4*m - 3*w, m + 2*m - 3102 = w. Suppose 5*k = -v + m. What is the tens digit of k?
4
What is the units digit of 14/35 - 116431/(-35)?
7
What is the tens digit of ((-318)/102 - -3) + 102010/85?
0
Let a = 11019 + -2506. What is the tens digit of a?
1
Suppose -292*d + 225912 = -288*d + 4*s, -4*d + 225914 = 3*s. What is the units digit of d?
0
Let n = -2575 - -8860. Suppose 17*p = 2*p + n. What is the hundreds digit of p?
4
Suppose -3*u - i + 0*i = 14, -3*i = 15. Let h(m) = -16*m - 1. Let b be h(u). Let y = b + 31. What is the units digit of y?
8
Suppose -3*o = -4*o - 5*o + 2940. What is the tens digit of o?
9
Suppose 0 = k + 3*h - 10, -6 = -2*h - 0. What is the tens digit of 92*k - ((-28)/7)/(-2)?
9
Let d(c) = c**2 + 1096*c + 6439. What is the tens digit of d(0)?
3
Suppose 0 = -0*o + 2*o - 7392. Suppose 18*j = 7*j + o. What is the hundreds di